st the prime factors of q(d).
13
Let f(b) = b**2 + 12*b + 5. Let g be f(-6). Let h = g - -101. What are the prime factors of h?
2, 5, 7
Suppose 835*q + 27769 = 842*q. What are the prime factors of q?
3967
Let v(x) = x**3 - 7*x**2 + 9*x - 2. Suppose 5*q + 4*d = 38, 0*q = -q - 3*d + 12. Suppose -q = 3*a - 4*a. What are the prime factors of v(a)?
2
Let y(a) = 6*a**2 + a - 15. Let d be y(8). Let v = 533 - d. What are the prime factors of v?
2, 3, 13
Let y = 53 + 27. Suppose -4*a = -3*t + 28, 0*a - 5*t - 30 = a. List the prime factors of (-4)/a - (-2848)/y.
2, 3
List the prime factors of (-1 - 2763)*(-99)/198.
2, 691
Suppose 0 = 5*y - 3*j - 165, -32*y + j = -29*y - 103. What are the prime factors of y?
2, 3
Suppose 39 = 2*r - 77. Suppose 0 = 53*l - r*l + 1265. What are the prime factors of l?
11, 23
Let o = 1190 + -315. What are the prime factors of o?
5, 7
Let z = 419 - 405. What are the prime factors of z?
2, 7
Let b(m) = -475*m + 53. List the prime factors of b(-4).
3, 7, 31
Let n be (-1)/(-3) + 38/(-6). List the prime factors of (n/12)/((-1)/122).
61
Suppose -l - 1 = -6. Suppose -3*z + 4*d + 404 = 0, -z - l*d = 4*z - 720. Suppose 0 = -p - 6*v + v + 16, 5*v - z = -5*p. What are the prime factors of p?
31
Let d(t) be the third derivative of 7*t**5/30 + t**4/24 + t**3/3 + 4*t**2. Suppose -4*i = -3*i + 1. List the prime factors of d(i).
3, 5
What are the prime factors of -7*(-40)/30*8415/42?
2, 5, 11, 17
Let d(o) = 240*o + 25. What are the prime factors of d(1)?
5, 53
Let o(c) = 13*c + 3. Let d be o(8). Let a = d + 51. What are the prime factors of a?
2, 79
Suppose -2*m = 4*v - 103 - 25, 0 = 3*v - m - 101. List the prime factors of 18/99 + (7551/v - 0).
229
Let w = 22 - 17. Suppose -2*m - 294 = w*m. What are the prime factors of m*5/(105/(-18))?
2, 3
Let x = -70 - -68. List the prime factors of 80/3*(2 - (-1)/x).
2, 5
Let w be (-30)/(-10) - (29 - -2)*1. Let b = 8 - w. What are the prime factors of b?
2, 3
Suppose 15*j - 27 - 2388 = 0. What are the prime factors of j?
7, 23
Let d(b) = -b**2 - 15*b + 8. Let l be d(-8). Suppose 2*q = 3*q - l. List the prime factors of q.
2
Suppose -40*f - 10160 = -48*f. Suppose m - f = -4*m. List the prime factors of m.
2, 127
Let r(m) = m**2 - 3*m + 3. Let b be r(4). Let l(x) = 4 + 4*x + 4 - 5. What are the prime factors of l(b)?
31
Let x = -18 - -33. List the prime factors of x/(-40) + 1545/24.
2
Let u(l) = 12*l - 21. Let z be u(2). Suppose 0*o + 5*o - f = 1242, f = -z*o + 750. What are the prime factors of o?
3, 83
Let j(x) = x**3 + 33*x**2 - 69*x - 37. What are the prime factors of j(-34)?
1153
Let j(a) be the first derivative of -83*a**2/2 + 3*a - 5. List the prime factors of j(-1).
2, 43
Let i(c) = -82*c + 5. Let j be (-8)/6 - (-1)/(15/(-10)). What are the prime factors of i(j)?
13
Suppose 3380*a = 3390*a - 58200. What are the prime factors of a?
2, 3, 5, 97
Let o = 434 - 304. Suppose -i + o = -85. What are the prime factors of i?
5, 43
Let s(z) be the third derivative of z**5/60 - z**4/6 - 5*z**3/6 + 4*z**2. Let j be s(6). Suppose -t - 3 + j = 0. List the prime factors of t.
2
Suppose m - 5*b = 1668, 4*m + 2*b - 2539 = 4067. List the prime factors of m.
3, 19, 29
Let t(w) = w**3 - 22*w**2 - 17*w + 48. Suppose -4*x + s = -4*s - 102, 88 = 4*x + 2*s. What are the prime factors of t(x)?
2, 3, 31
Let i = 369 + -150. Let s = i + -105. List the prime factors of s.
2, 3, 19
Let p = -20 - -24. Suppose 4 = 2*m, -p*i + m = -m + 20. What are the prime factors of (2*-14)/(8/i)?
2, 7
Let w be 10 + 1/(-2)*6. Let d = 19 + w. Suppose d = 4*u - 0*u - 2*z, -3*z = -2*u + 11. List the prime factors of u.
7
Suppose -1 = -5*g + 4*b + 28, 3*g - 14 = -b. Suppose -3*r + 11 - 40 = -g*z, r - 4*z = -5. Let v = r + 25. What are the prime factors of v?
2, 3
Suppose 0 = -23*k - 11890 + 104971. What are the prime factors of k?
3, 19, 71
Let r(i) = i - 1. Let d(h) = -h + 1. Let w be d(-1). Suppose -w*f + 3 = -3. What are the prime factors of r(f)?
2
Suppose -33 - 17 = -2*s. Let h be (-4)/(-12) + (-14)/6. List the prime factors of h/(-5) - (-1265)/s.
3, 17
Suppose 0*q - 4*q - t = -14673, q - t = 3667. What are the prime factors of q?
2, 7, 131
List the prime factors of (-54142)/92*(1 + -1 - 2).
11, 107
Suppose -f = 6*w - 2*w - 17, -2*f = 3*w - 24. Let o = f - -46. List the prime factors of o.
5, 11
Suppose -4*r = -2*q + 10, -3*r = -6*q + q - 3. Let j be ((-8)/r)/(2/6). Suppose 0 = 4*k - j*k + 14. What are the prime factors of k?
7
Suppose -351 = -n - 5*j, -1324 = -4*n - 5*j + j. Let z = n + -230. List the prime factors of z.
2, 3
Let t = 549 - 281. List the prime factors of t.
2, 67
Let n = 996 - -563. List the prime factors of n.
1559
Let l be (2 + -1)/((-4)/(-8)). Let y = -4 + l. Let w(p) = -8*p - 5. What are the prime factors of w(y)?
11
Let w(t) = -t**3 - 13*t**2 - 4*t - 58. Let c be w(-13). Let z(b) = 5*b + 2. Let p(u) = u + 1. Let o(v) = 2*p(v) - z(v). What are the prime factors of o(c)?
2, 3
Let a = 809 + 1866. List the prime factors of a.
5, 107
Suppose 5*v = 2*q + 3, 3*q + 5*v - 8 = -0*v. Let a = 6 - 1. Let y = a - q. List the prime factors of y.
2
Let f = 28 + -22. Suppose d - 4*g = -2*d + 39, -d = g - f. What are the prime factors of (-1 - d)*3/(-2)?
3, 5
Suppose 3*a = a + g + 422, 0 = -5*a - g + 1041. What are the prime factors of a?
11, 19
Suppose 3*x - 3*k = 2*x - 152, 2*k = -8. Let r = 314 + x. List the prime factors of r.
2, 3, 5
Let w(q) = 3*q**2 - 12*q - 194. What are the prime factors of w(30)?
2, 29, 37
Let a(n) be the third derivative of -7*n**4/24 - 13*n**3/6 - 8*n**2. List the prime factors of a(-4).
3, 5
Let c(m) = 7*m**2 + m**3 + 4 + 0*m**3 + 0 + 5*m - 11. Let a be c(-7). Let y = a - -77. What are the prime factors of y?
5, 7
Suppose -1020 = -4*a + 840. What are the prime factors of a?
3, 5, 31
Suppose 0*u = -14*u - 2940. Let g = 294 + u. List the prime factors of g.
2, 3, 7
Suppose -5 = -o - 3. Suppose w = 5*q - 187, -5*q + o*w + 183 = 3*w. What are the prime factors of q?
37
Let g(t) = -t**3 - 21*t**2 + 5*t + 6. What are the prime factors of g(-22)?
2, 5, 19
Let v(y) = 2*y - 15. Let t be v(10). Suppose -i + t*i = 112. What are the prime factors of i?
2, 7
Let m be (-5834)/(-6) - 2/(-3). Suppose 5*h + 2*r = 3*r + m, 3*r = 3*h - 579. List the prime factors of h/9 + 2/6.
2, 11
Let f(z) = 165*z**3 - 4*z**2 - 3*z + 11. List the prime factors of f(2).
7, 11, 17
Let c(j) be the third derivative of -j**5/60 - 5*j**4/8 - 2*j**3/3 + 14*j**2. List the prime factors of c(-8).
2, 13
Let l be (9/(-4))/((-9)/24). Suppose 0 = -l*c + 3*c + 4*p + 187, -4*c = -3*p - 261. What are the prime factors of c?
3, 23
Suppose 2*l + 35 = -105. Let n = 111 + l. List the prime factors of n.
41
Suppose -l + 4 = -0. Suppose i = l - 16. What are the prime factors of 561/15 + i/(-20)?
2, 19
Suppose -z + 477 = r, -z - 3*r + 462 = r. List the prime factors of z.
2, 241
Let t = 3473 + -2262. What are the prime factors of t?
7, 173
Let t = 11 - 6. Suppose -g = -t*g. Suppose g = i - 12 - 15. What are the prime factors of i?
3
Let m(a) = 21*a**2 + 2*a - 3. Let c be 50/15 + 2/(-6). What are the prime factors of m(c)?
2, 3
Let a(f) be the first derivative of 3*f**2/2 + f + 1. Let r be -7 + -3 + 6 - -12. What are the prime factors of a(r)?
5
Suppose 3*w - 96 = -2*u, 18 + 14 = w + 4*u. Let x = w + -20. Suppose -3*q + x = -0*q. What are the prime factors of q?
2
Let s be ((-3)/(-4))/(4/16). Let n = s + -7. Let j(v) = 5*v**2 + 4*v. List the prime factors of j(n).
2
Suppose -105*k = -80*k - 24600. List the prime factors of k.
2, 3, 41
Let r be (-819)/(-4) - (-4)/16. Suppose 64 = -m + 2*m - 5*d, -3*m = -2*d - r. What are the prime factors of m?
3, 23
Let o be (1/(-3))/(2/6). Let g(y) = -4*y. Let t be g(-2). Let p = o + t. List the prime factors of p.
7
Let x(a) = a**2 + 4*a + 5. Let h be x(-5). Suppose -7*m + 81 = -h*m. What are the prime factors of (-3)/(-6) + m/(-2)?
2, 7
Suppose -5*p + 502 = -3308. What are the prime factors of p?
2, 3, 127
Let s be (5 + -2 - 4)*-3. Suppose 5*r + 6 = s*r, -y = r - 107. What are the prime factors of 4/22 - (-2400)/y?
2, 11
Let q(s) = -3*s**2 - 8*s + 8. Let d(p) = 13*p**2 + 33*p - 33. Let z(n) = 2*d(n) + 9*q(n). What are the prime factors of z(-6)?
2, 3
Let s(r) be the third derivative of r**6/120 - r**5/15 - r**4/8 + 2*r**3/3 